{"id":56,"date":"2025-08-26T00:00:00","date_gmt":"2025-08-26T00:00:00","guid":{"rendered":"https:\/\/www.clinicalyrdent.ro\/medicamente\/?page_id=11"},"modified":"2025-08-26T00:00:00","modified_gmt":"2025-08-26T00:00:00","slug":"drepturi-autor","status":"publish","type":"page","link":"https:\/\/www.clinicalyrdent.ro\/medicamente\/drepturi-autor\/","title":{"rendered":"Drepturi de autor \u0219i m\u0103rci"},"content":{"rendered":"<p>Dac\u0103 nu se precizeaz\u0103 altfel, con\u021binutul apar\u021bine Farmacia Lyrdent Medical\u0103.<\/p>\n<ul>\n<li>Citare cu <strong>surs\u0103 \u0219i link<\/strong>.<\/li>\n<li>M\u0103rcile \u0219i logourile apar\u021bin proprietarilor lor.<\/li>\n<li>Imagini\/fi\u0219e ale produc\u0103torilor: utilizare conform <strong>licen\u021belor\/autoriz\u0103rilor<\/strong>.<\/li>\n<\/ul>\n","protected":false},"excerpt":{"rendered":"<p>Dac\u0103 nu se precizeaz\u0103 altfel, con\u021binutul apar\u021bine Farmacia Lyrdent Medical\u0103. Citare cu surs\u0103 \u0219i link. M\u0103rcile \u0219i logourile apar\u021bin proprietarilor lor. Imagini\/fi\u0219e ale produc\u0103torilor: utilizare conform licen\u021belor\/autoriz\u0103rilor.<\/p>\n","protected":false},"author":1,"featured_media":0,"parent":0,"menu_order":0,"comment_status":"closed","ping_status":"closed","template":"","meta":{"footnotes":""},"class_list":["post-56","page","type-page","status-publish","hentry"],"blocksy_meta":[],"yoast_head":"<!-- This site is optimized with the Yoast SEO plugin v27.5 - https:\/\/yoast.com\/product\/yoast-seo-wordpress\/ -->\n<title>Drepturi de autor \u0219i m\u0103rci - Farmacia Lyrdent Medical\u0103<\/title>\n<meta name=\"robots\" content=\"index, follow, max-snippet:-1, max-image-preview:large, max-video-preview:-1\" \/>\n<link rel=\"canonical\" href=\"https:\/\/www.clinicalyrdent.ro\/medicamente\/drepturi-autor\/\" \/>\n<meta property=\"og:locale\" content=\"ro_RO\" \/>\n<meta property=\"og:type\" content=\"article\" \/>\n<meta property=\"og:title\" content=\"Drepturi de autor \u0219i m\u0103rci - Farmacia Lyrdent Medical\u0103\" \/>\n<meta property=\"og:description\" content=\"Dac\u0103 nu se precizeaz\u0103 altfel, con\u021binutul apar\u021bine Farmacia Lyrdent Medical\u0103. Citare cu surs\u0103 \u0219i link. M\u0103rcile \u0219i logourile apar\u021bin proprietarilor lor. Imagini\/fi\u0219e ale produc\u0103torilor: utilizare conform licen\u021belor\/autoriz\u0103rilor.\" \/>\n<meta property=\"og:url\" content=\"https:\/\/www.clinicalyrdent.ro\/medicamente\/drepturi-autor\/\" \/>\n<meta property=\"og:site_name\" content=\"Farmacia Lyrdent Medical\u0103\" \/>\n<meta name=\"twitter:card\" content=\"summary_large_image\" \/>\n<script type=\"application\/ld+json\" class=\"yoast-schema-graph\">{\"@context\":\"https:\\\/\\\/schema.org\",\"@graph\":[{\"@type\":\"WebPage\",\"@id\":\"https:\\\/\\\/www.clinicalyrdent.ro\\\/medicamente\\\/drepturi-autor\\\/\",\"url\":\"https:\\\/\\\/www.clinicalyrdent.ro\\\/medicamente\\\/drepturi-autor\\\/\",\"name\":\"Drepturi de autor \u0219i m\u0103rci - Farmacia Lyrdent Medical\u0103\",\"isPartOf\":{\"@id\":\"https:\\\/\\\/www.clinicalyrdent.ro\\\/medicamente\\\/#website\"},\"datePublished\":\"2025-08-26T00:00:00+00:00\",\"breadcrumb\":{\"@id\":\"https:\\\/\\\/www.clinicalyrdent.ro\\\/medicamente\\\/drepturi-autor\\\/#breadcrumb\"},\"inLanguage\":\"ro-RO\",\"potentialAction\":[{\"@type\":\"ReadAction\",\"target\":[\"https:\\\/\\\/www.clinicalyrdent.ro\\\/medicamente\\\/drepturi-autor\\\/\"]}]},{\"@type\":\"BreadcrumbList\",\"@id\":\"https:\\\/\\\/www.clinicalyrdent.ro\\\/medicamente\\\/drepturi-autor\\\/#breadcrumb\",\"itemListElement\":[{\"@type\":\"ListItem\",\"position\":1,\"name\":\"Prima pagin\u0103\",\"item\":\"https:\\\/\\\/www.clinicalyrdent.ro\\\/medicamente\\\/\"},{\"@type\":\"ListItem\",\"position\":2,\"name\":\"Drepturi de autor \u0219i m\u0103rci\"}]},{\"@type\":\"WebSite\",\"@id\":\"https:\\\/\\\/www.clinicalyrdent.ro\\\/medicamente\\\/#website\",\"url\":\"https:\\\/\\\/www.clinicalyrdent.ro\\\/medicamente\\\/\",\"name\":\"Farmacia Lyrdent Medical\u0103\",\"description\":\"\",\"publisher\":{\"@id\":\"https:\\\/\\\/www.clinicalyrdent.ro\\\/medicamente\\\/#organization\"},\"potentialAction\":[{\"@type\":\"SearchAction\",\"target\":{\"@type\":\"EntryPoint\",\"urlTemplate\":\"https:\\\/\\\/www.clinicalyrdent.ro\\\/medicamente\\\/?s={search_term_string}\"},\"query-input\":{\"@type\":\"PropertyValueSpecification\",\"valueRequired\":true,\"valueName\":\"search_term_string\"}}],\"inLanguage\":\"ro-RO\"},{\"@type\":\"Organization\",\"@id\":\"https:\\\/\\\/www.clinicalyrdent.ro\\\/medicamente\\\/#organization\",\"name\":\"Farmacia Lyrdent Medical\u0103\",\"url\":\"https:\\\/\\\/www.clinicalyrdent.ro\\\/medicamente\\\/\",\"logo\":{\"@type\":\"ImageObject\",\"inLanguage\":\"ro-RO\",\"@id\":\"https:\\\/\\\/www.clinicalyrdent.ro\\\/medicamente\\\/#\\\/schema\\\/logo\\\/image\\\/\",\"url\":\"https:\\\/\\\/www.clinicalyrdent.ro\\\/medicamente\\\/wp-content\\\/uploads\\\/2025\\\/08\\\/lyrdent-1.png\",\"contentUrl\":\"https:\\\/\\\/www.clinicalyrdent.ro\\\/medicamente\\\/wp-content\\\/uploads\\\/2025\\\/08\\\/lyrdent-1.png\",\"width\":300,\"height\":100,\"caption\":\"Farmacia Lyrdent Medical\u0103\"},\"image\":{\"@id\":\"https:\\\/\\\/www.clinicalyrdent.ro\\\/medicamente\\\/#\\\/schema\\\/logo\\\/image\\\/\"}}]}<\/script>\n<!-- \/ Yoast SEO plugin. -->","yoast_head_json":{"title":"Drepturi de autor \u0219i m\u0103rci - Farmacia Lyrdent Medical\u0103","robots":{"index":"index","follow":"follow","max-snippet":"max-snippet:-1","max-image-preview":"max-image-preview:large","max-video-preview":"max-video-preview:-1"},"canonical":"https:\/\/www.clinicalyrdent.ro\/medicamente\/drepturi-autor\/","og_locale":"ro_RO","og_type":"article","og_title":"Drepturi de autor \u0219i m\u0103rci - Farmacia Lyrdent Medical\u0103","og_description":"Dac\u0103 nu se precizeaz\u0103 altfel, con\u021binutul apar\u021bine Farmacia Lyrdent Medical\u0103. Citare cu surs\u0103 \u0219i link. M\u0103rcile \u0219i logourile apar\u021bin proprietarilor lor. Imagini\/fi\u0219e ale produc\u0103torilor: utilizare conform licen\u021belor\/autoriz\u0103rilor.","og_url":"https:\/\/www.clinicalyrdent.ro\/medicamente\/drepturi-autor\/","og_site_name":"Farmacia Lyrdent Medical\u0103","twitter_card":"summary_large_image","schema":{"@context":"https:\/\/schema.org","@graph":[{"@type":"WebPage","@id":"https:\/\/www.clinicalyrdent.ro\/medicamente\/drepturi-autor\/","url":"https:\/\/www.clinicalyrdent.ro\/medicamente\/drepturi-autor\/","name":"Drepturi de autor \u0219i m\u0103rci - Farmacia Lyrdent Medical\u0103","isPartOf":{"@id":"https:\/\/www.clinicalyrdent.ro\/medicamente\/#website"},"datePublished":"2025-08-26T00:00:00+00:00","breadcrumb":{"@id":"https:\/\/www.clinicalyrdent.ro\/medicamente\/drepturi-autor\/#breadcrumb"},"inLanguage":"ro-RO","potentialAction":[{"@type":"ReadAction","target":["https:\/\/www.clinicalyrdent.ro\/medicamente\/drepturi-autor\/"]}]},{"@type":"BreadcrumbList","@id":"https:\/\/www.clinicalyrdent.ro\/medicamente\/drepturi-autor\/#breadcrumb","itemListElement":[{"@type":"ListItem","position":1,"name":"Prima pagin\u0103","item":"https:\/\/www.clinicalyrdent.ro\/medicamente\/"},{"@type":"ListItem","position":2,"name":"Drepturi de autor \u0219i m\u0103rci"}]},{"@type":"WebSite","@id":"https:\/\/www.clinicalyrdent.ro\/medicamente\/#website","url":"https:\/\/www.clinicalyrdent.ro\/medicamente\/","name":"Farmacia Lyrdent Medical\u0103","description":"","publisher":{"@id":"https:\/\/www.clinicalyrdent.ro\/medicamente\/#organization"},"potentialAction":[{"@type":"SearchAction","target":{"@type":"EntryPoint","urlTemplate":"https:\/\/www.clinicalyrdent.ro\/medicamente\/?s={search_term_string}"},"query-input":{"@type":"PropertyValueSpecification","valueRequired":true,"valueName":"search_term_string"}}],"inLanguage":"ro-RO"},{"@type":"Organization","@id":"https:\/\/www.clinicalyrdent.ro\/medicamente\/#organization","name":"Farmacia Lyrdent Medical\u0103","url":"https:\/\/www.clinicalyrdent.ro\/medicamente\/","logo":{"@type":"ImageObject","inLanguage":"ro-RO","@id":"https:\/\/www.clinicalyrdent.ro\/medicamente\/#\/schema\/logo\/image\/","url":"https:\/\/www.clinicalyrdent.ro\/medicamente\/wp-content\/uploads\/2025\/08\/lyrdent-1.png","contentUrl":"https:\/\/www.clinicalyrdent.ro\/medicamente\/wp-content\/uploads\/2025\/08\/lyrdent-1.png","width":300,"height":100,"caption":"Farmacia Lyrdent Medical\u0103"},"image":{"@id":"https:\/\/www.clinicalyrdent.ro\/medicamente\/#\/schema\/logo\/image\/"}}]}},"_links":{"self":[{"href":"https:\/\/www.clinicalyrdent.ro\/medicamente\/wp-json\/wp\/v2\/pages\/56","targetHints":{"allow":["GET"]}}],"collection":[{"href":"https:\/\/www.clinicalyrdent.ro\/medicamente\/wp-json\/wp\/v2\/pages"}],"about":[{"href":"https:\/\/www.clinicalyrdent.ro\/medicamente\/wp-json\/wp\/v2\/types\/page"}],"author":[{"embeddable":true,"href":"https:\/\/www.clinicalyrdent.ro\/medicamente\/wp-json\/wp\/v2\/users\/1"}],"replies":[{"embeddable":true,"href":"https:\/\/www.clinicalyrdent.ro\/medicamente\/wp-json\/wp\/v2\/comments?post=56"}],"version-history":[{"count":0,"href":"https:\/\/www.clinicalyrdent.ro\/medicamente\/wp-json\/wp\/v2\/pages\/56\/revisions"}],"wp:attachment":[{"href":"https:\/\/www.clinicalyrdent.ro\/medicamente\/wp-json\/wp\/v2\/media?parent=56"}],"curies":[{"name":"wp","href":"https:\/\/api.w.org\/{rel}","templated":true}]}}